{"id":170,"date":"2012-10-15T09:48:30","date_gmt":"2012-10-15T09:48:30","guid":{"rendered":"http:\/\/kellertheater-lindenhof.ch\/content\/?page_id=170"},"modified":"2024-06-24T08:13:52","modified_gmt":"2024-06-24T08:13:52","slug":"statuten","status":"publish","type":"page","link":"https:\/\/kellertheater-lindenhof.ch\/content\/?page_id=170","title":{"rendered":"Statuten"},"content":{"rendered":"<table border=\"1\" cellpadding=\"0\" cellspacing=\"0\" width=\"709\">\n<tbody>\n<tr>\n<td colspan=\"2\" style=\"width:709px;\">\n<p align=\"center\"><strong>Verein \u201eKellertheater Lindenhof\u201c, 3294 B\u00fcren a. A.<\/strong><\/p>\n<\/td>\n<\/tr>\n<tr><\/tr>\n<\/tbody>\n<\/table>\n<table border=\"0\" cellpadding=\"0\" cellspacing=\"0\" width=\"709\">\n<tbody>\n<tr>\n<td style=\"width:153px;\">\n<p>Artikel 1:<br \/>\n\t\t\t\t\t<strong>Name<\/strong><\/p>\n<\/td>\n<td style=\"width:556px;\">\n<p>Unter dem Namen \u201eKellertheater Lindenhof\u201c, besteht im Sinne von Artikel 60 des schweizerischen Zivilgesetzbuches ein politisch und konfessionell neutraler Verein mit Sitz in B\u00fcren a. A.<\/p>\n<\/td>\n<\/tr>\n<tr>\n<td style=\"width:153px;\">\n<p>Artikel 2:<br \/>\n\t\t\t\t\t<strong>Zweck<\/strong><\/p>\n<\/td>\n<td style=\"width:556px;\">\n<p>Der Verein f\u00f6rdert das kulturelle Leben in der Region B\u00fcren an der Aare, insbesondere organisiert er Veranstaltungen im Kellertheater Lindenhof, Aarbergstrasse 1, 3294 B\u00fcren a. A.<\/p>\n<\/td>\n<\/tr>\n<tr>\n<td style=\"width:153px;\">\n<p>Artikel 3:<br \/>\n\t\t\t\t\t<strong>Finanzielles<\/strong><\/p>\n<\/td>\n<td style=\"width:556px;\">\n<p>Einnahmen des Vereins sind Mitgliederbeitr\u00e4ge, Erl\u00f6se aus Veranstaltungen sowie allf\u00e4llige Zuwendungen. Die Mitgliederbeitr\u00e4ge werden j\u00e4hrlich von der Hauptversammlung festgelegt.<\/p>\n<\/td>\n<\/tr>\n<tr>\n<td style=\"width:153px;\">\n<p>Artikel 4:<br \/>\n\t\t\t\t\t<strong>Mitgliedschaft<\/strong><\/p>\n<\/td>\n<td style=\"width:556px;\">\n<p style=\"margin-left:.15pt;\">Die Mitgliedschaft steht jeder interessierten Person ab dem 16. Altersjahr sowie juristischen Personen offen. F\u00fcr die Verbindlichkeiten haftet ausschliesslich das Vereinsverm\u00f6gen. Die<br \/>\n\t\t\t\t\tMitglieder haften mit ihrem an der Hauptversammlung festgelegten Beitrag.<\/p>\n<\/td>\n<\/tr>\n<tr>\n<td style=\"width:153px;\">\n<p>Artikel 5:<br \/>\n\t\t\t\t\t<strong>Organe<\/strong><\/p>\n<\/td>\n<td style=\"width:556px;\">\n<p>Die Organe des Vereins sind:<br \/>\n\t\t\t\t\ta) Die Hauptversammlung<br \/>\n\t\t\t\t\tb) Der Vorstand<br \/>\n\t\t\t\t\tc) Die Rechnungsrevisoren\/innen<\/p>\n<\/td>\n<\/tr>\n<tr>\n<td style=\"width:153px;\">\n<p>Artikel 6:<br \/>\n\t\t\t\t\t<strong>Hauptversammlung<br \/>\n\t\t\t\t\t(Mitglieder-versammlung)<\/strong><\/p>\n<\/td>\n<td style=\"width:556px;\">\n<p>Die Hauptversammlung findet j\u00e4hrlich statt. Sie genehmigt den Jahresbericht, die Jahresrechnung, das Budget und den Revisorenbericht. Die Hauptversammlung w\u00e4hlt den Pr\u00e4sidenten, die Vorstandsmitglieder und zwei Rechnungsrevisoren oder -revisorinnen. Sie revidiert die Statuten, schliesst den Mietvertrag mit den Eigent\u00fcmern des Kellertheaters ab und genehmigt das Ben\u00fctzungsreglement. Sie legt die Mitgliederbeitr\u00e4ge fest.<\/p>\n<\/td>\n<\/tr>\n<tr>\n<td style=\"width:153px;\">\n<p>Artikel 7:<br \/>\n\t\t\t\t\t<strong>Vorstand<\/strong>&nbsp;&nbsp;&nbsp;&nbsp;&nbsp;&nbsp;&nbsp;<\/p>\n<\/td>\n<td style=\"width:556px;\">\n<p>Der Vorstand besteht aus mindestens f\u00fcnf Mitgliedern. Er wird j\u00e4hrlich von der Hauptversammlung gew\u00e4hlt und best\u00e4tigt. Eine Wiederwahl ist m\u00f6glich. Der Vorstand vertritt den Verein gegen aussen und f\u00fchrt die Vereinsgesch\u00e4fte. Er bestimmt und organisiert die Veranstaltungen.<\/p>\n<\/td>\n<\/tr>\n<tr>\n<td style=\"width:153px;\">\n<p>Artikel 8:<br \/>\n\t\t\t\t\t<strong>Verh\u00e4ltnis<br \/>\n\t\t\t\t\tEigent\u00fcmer\/Verein<\/strong><\/p>\n<\/td>\n<td style=\"width:556px;\">\n<p>Der Verein Kellertheater Lindenhof mietet den Gew\u00f6lbekeller von den Eigen-t\u00fcmern. Der Verein sorgt f\u00fcr Betrieb und Unterhalt der R\u00e4umlichkeiten gem\u00e4ss dem Ben\u00fctzungsreglement und dem Mietvertrag.<\/p>\n<\/td>\n<\/tr>\n<tr>\n<td style=\"width:153px;\">\n<p>Artikel 9:<br \/>\n\t\t\t\t\t<strong>Aufl\u00f6sung<\/strong><\/p>\n<\/td>\n<td style=\"width:556px;\">\n<p>Der Verein wird aufgel\u00f6st, wenn 2\/3 der an der Hauptversammlung anwesenden Mitglieder es verlangen. Ein allf\u00e4lliges Verm\u00f6gen wird der Gemeinde B\u00fcren a. A. f\u00fcr kulturelle Zwecke \u00fcbergeben.<\/p>\n<\/td>\n<\/tr>\n<tr>\n<td style=\"width:153px;\">\n<p>Artikel 10:<br \/>\n\t\t\t\t\t<strong>Inkraftsetzung<\/strong><\/p>\n<\/td>\n<td style=\"width:556px;\">\n<p>Die Statuten werden mit der Gr\u00fcndungsversammlung vom<br \/>\n\t\t\t\t\t<strong>17. Oktober 2012<\/strong> in Kraft gesetzt.<\/p>\n<\/td>\n<\/tr>\n<\/tbody>\n<\/table>\n<p><a href=\"http:\/\/kellertheater-lindenhof.ch\/content\/wp-content\/uploads\/2012\/10\/Statuten_Lindenhof1.pdf\" id=\"Statuten\" target=\"_blank\" rel=\"noopener\">Als PDF<\/a><\/p>\n","protected":false},"excerpt":{"rendered":"<p>Verein \u201eKellertheater Lindenhof\u201c, 3294 B\u00fcren a. A. Artikel 1: Name Unter dem Namen \u201eKellertheater Lindenhof\u201c, besteht im Sinne von Artikel 60 des schweizerischen Zivilgesetzbuches ein politisch und konfessionell neutraler Verein mit Sitz in B\u00fcren a. A. Artikel 2: Zweck Der &hellip; <a href=\"https:\/\/kellertheater-lindenhof.ch\/content\/?page_id=170\">Weiterlesen <span class=\"meta-nav\">&rarr;<\/span><\/a><\/p>\n","protected":false},"author":8,"featured_media":0,"parent":119,"menu_order":77,"comment_status":"closed","ping_status":"closed","template":"","meta":{"footnotes":""},"class_list":["post-170","page","type-page","status-publish","hentry"],"_links":{"self":[{"href":"https:\/\/kellertheater-lindenhof.ch\/content\/index.php?rest_route=\/wp\/v2\/pages\/170","targetHints":{"allow":["GET"]}}],"collection":[{"href":"https:\/\/kellertheater-lindenhof.ch\/content\/index.php?rest_route=\/wp\/v2\/pages"}],"about":[{"href":"https:\/\/kellertheater-lindenhof.ch\/content\/index.php?rest_route=\/wp\/v2\/types\/page"}],"author":[{"embeddable":true,"href":"https:\/\/kellertheater-lindenhof.ch\/content\/index.php?rest_route=\/wp\/v2\/users\/8"}],"replies":[{"embeddable":true,"href":"https:\/\/kellertheater-lindenhof.ch\/content\/index.php?rest_route=%2Fwp%2Fv2%2Fcomments&post=170"}],"version-history":[{"count":17,"href":"https:\/\/kellertheater-lindenhof.ch\/content\/index.php?rest_route=\/wp\/v2\/pages\/170\/revisions"}],"predecessor-version":[{"id":221,"href":"https:\/\/kellertheater-lindenhof.ch\/content\/index.php?rest_route=\/wp\/v2\/pages\/170\/revisions\/221"}],"up":[{"embeddable":true,"href":"https:\/\/kellertheater-lindenhof.ch\/content\/index.php?rest_route=\/wp\/v2\/pages\/119"}],"wp:attachment":[{"href":"https:\/\/kellertheater-lindenhof.ch\/content\/index.php?rest_route=%2Fwp%2Fv2%2Fmedia&parent=170"}],"curies":[{"name":"wp","href":"https:\/\/api.w.org\/{rel}","templated":true}]}}